he first derivative of -q**2/2 - 12*q + 2. Calculate the remainder when 6 is divided by s(-14).
0
Let r = -5 + 16. Calculate the remainder when 32 is divided by r.
10
Suppose 4*v - 81 = 79. What is the remainder when v is divided by 21?
19
Let q be (-8 - 3)*(-2 + 1). Let j = q - 0. What is the remainder when j is divided by 7?
4
Let f(g) = g**3 - 5*g**2 + 5*g - 1. Let a(u) = -u**3 + 12*u**2 + 6. Let v be a(12). Let i = 7 + v. Calculate the remainder when f(5) is divided by i.
11
Suppose 5*f = 13 + 122. What is the remainder when f is divided by 7?
6
Let d(q) = -4*q**3 - 2*q**2 + 4*q + 5. Calculate the remainder when (-3 - -85) + 1 + -2 is divided by d(-2).
18
Calculate the remainder when 187 is divided by 19*2 - 0/(-1 + -3).
35
Let q(f) = -4*f + 1. Let w(x) = 4*x - 1. Let a(u) = -4*q(u) - 3*w(u). Calculate the remainder when 73 is divided by a(5).
16
Let c = 3 + 2. Let m(t) = 3*t + 4. Let v(d) = 2*d + 3. Let i(o) = 5*m(o) - 7*v(o). What is the remainder when i(c) is divided by 3?
1
What is the remainder when (6 - 34)/(2/(-4)) is divided by 15?
11
Suppose 2*f = 5*f. Suppose f*w - 74 = -2*w. Suppose 3*r - w = 2*r. Calculate the remainder when r is divided by 13.
11
Suppose -5*m + 83 = -232. Suppose -g + 32 = -l - l, 4*g + 4*l - 68 = 0. What is the remainder when m is divided by g?
19
Let u(q) = -6*q + 5. What is the remainder when 68 is divided by u(-5)?
33
Let y(h) = 4*h**2 - 2*h + 2. Calculate the remainder when 41 is divided by y(2).
13
Suppose 0 = n + 12 + 7. Suppose -4*o + 4*u - 24 = 0, 2*o + 2*u = 5*u - 10. Let s = o - n. What is the remainder when 21 is divided by s?
10
Suppose 4*f - 3*f + 35 = -5*b, -3*b = -2*f - 18. Let q = 44 + f. What is the remainder when q is divided by 10?
9
Let p(z) = -17*z + 7. What is the remainder when p(-5) is divided by 33?
26
Let h = 5 - 2. Suppose 2*c = h*f - 222, f - 4*f + 222 = 4*c. What is the remainder when f is divided by 25?
24
Let r(m) = 3*m + 15. Calculate the remainder when r(12) is divided by 26.
25
Let t(x) = x**3 + 5*x**2 - 2 + 0*x + 4*x - 2*x. What is the remainder when 15 is divided by t(-2)?
3
Suppose -17 = -2*q + i, 0 = -2*q - q - i + 13. Calculate the remainder when (-1)/2 - (-70)/4 is divided by q.
5
Suppose -2*q + 18 = 2*s, s - q + 6 = 3*q. Calculate the remainder when s is divided by 2.
0
Let b = 628 - 271. Let o = b - 248. What is the remainder when o is divided by 37?
35
Let o(u) = -u**3 + 2*u**2 - 3*u + 6. Let f(x) = 2*x - 1. Suppose 3*c - 12 = 0, c = -j + 4*c - 6. What is the remainder when f(j) is divided by o(0)?
5
Let x = 66 - 17. Calculate the remainder when x is divided by 26.
23
Suppose 0 = -4*s + g - 316, -s - 2*s + 4*g - 250 = 0. Let f = s - -54. Let p = -8 - f. What is the remainder when p is divided by 9?
7
Let w be -14*(10/(-4))/(-5). Calculate the remainder when 11 is divided by (6/7)/((-1)/w).
5
Let g = -5 + 8. What is the remainder when g is divided by 1?
0
Let z(i) = 17*i**2 + 5*i + 4. Calculate the remainder when 45 is divided by z(-1).
13
Suppose 3 = -w + 6. Suppose 4*d + 7 - 56 = -i, 3*i - 48 = -3*d. Calculate the remainder when d is divided by w.
2
Let h(w) = -12*w - 5. Calculate the remainder when 7 is divided by h(-1).
0
Let h = -17 - -29. Suppose -3*v - 75 = -2*u, -4*v + 25 = v. What is the remainder when u is divided by h?
9
Suppose 0 = -5*d - 5*c + 225, -3*c = -0*c + 9. What is the remainder when 141 is divided by d?
45
Let v(h) = 72*h**3 + 2*h**2 + h. Let m be v(-1). Let y = -42 - m. Suppose -l - 30 = -4*l. What is the remainder when y is divided by l?
9
Let q = 129 + -123. Suppose -3*l = -2*s - 61, 5*l = s - 2*s + 106. What is the remainder when l is divided by q?
3
Suppose 0 = -0*w + 5*w + 215. Let h = 108 + w. Calculate the remainder when h is divided by 22.
21
Suppose 4*t + 4*r + 7 = t, 0 = -4*t - 2*r - 6. Let m(h) = 10*h**2 + h. What is the remainder when 1 - -33 - 3/18*0 is divided by m(t)?
7
Let n(l) = -l**3 + 5*l**2 - 3*l + 4. Let a(i) = -i - 17. Let f(u) = -u - 18. Let m(x) = -3*a(x) + 2*f(x). What is the remainder when n(3) is divided by m(-10)?
3
Let j = 7 + -3. Suppose 0 = -5*n + 14 + 6. Calculate the remainder when n is divided by j.
0
Suppose -2*q + 3*j + 71 = 0, 0*q + q - 28 = -j. Let b = -19 - -35. What is the remainder when q is divided by b?
15
Suppose -u + 18 = -2*q, 2*u - 4*u + 18 = 2*q. Calculate the remainder when 69/3 + 2 + -2 is divided by u.
11
Let i = -6 - -9. Suppose 0 = 3*d - 15 - 9. Calculate the remainder when d is divided by i.
2
Let x = 183 + -84. Calculate the remainder when x is divided by 10.
9
Suppose 5*s = -5*w - 2 + 32, w - 26 = -5*s. Let j(d) = 26*d**2 - d + 1. What is the remainder when j(w) is divided by 9?
8
Suppose -10*b = -737 - 633. Calculate the remainder when b is divided by 14.
11
Let k = 41 - 17. Let o be (13/(-3))/((-2)/6). What is the remainder when k is divided by o - (-2 + 2)*-1?
11
Let b be (16/(-12))/((-2)/3). Calculate the remainder when (-1 - (-1 - b)) + 99 is divided by 26.
23
Let s = 55 - 50. Let j(y) = -y**2 - 11*y - 7. Calculate the remainder when s is divided by j(-10).
2
Suppose -2*h - 3*z = -65, 3*h = -h + 2*z + 106. Let q(j) = -3*j - 21. What is the remainder when h is divided by q(-12)?
13
Let x = 2 - -9. Suppose -2*y + 5*y = 57. What is the remainder when y is divided by x?
8
Let t(b) = b**3 - 4*b**2 - 3*b - 6. Let i = 5 - 0. Calculate the remainder when i is divided by t(5).
1
Let a(c) = -c. Let d be a(-2). Suppose -3*r = -q + 9, 4 = -2*q - 3*r - d*r. Let g(w) = 2*w**2 - 3*w - 4. Calculate the remainder when g(q) is divided by 2.
1
Let g = 3 - -22. Calculate the remainder when 74 is divided by g.
24
Suppose -3*h = -4*h. Suppose h = -2*l - l + 192. What is the remainder when l is divided by 13?
12
Suppose 5*f - 2*f = 30. Let v = -842 - -860. Calculate the remainder when v is divided by f.
8
Let i(g) = -g**2 + 9*g + 12. Let u be i(10). Suppose -u*p - 20 = -4*c, p - 10 = 6*p. Suppose 36 = -0*h + c*h. Calculate the remainder when 26 is divided by h.
8
Let y = 53 + -35. Suppose 0 = 3*g - 11*g + 552. Calculate the remainder when g is divided by y.
15
Let c(n) = 27*n + 3. Let x be c(3). Suppose 160 + x = 4*p. Let t = p + -36. What is the remainder when t is divided by 9?
7
Suppose 2*b + 0*b = 6. Suppose -20 = -b*u + u. Suppose 5*k - g - 4*g = 25, 0 = k + 5*g + 1. Calculate the remainder when u is divided by k.
2
Suppose -58 = -2*o - 2*o + s, 0 = s + 2. What is the remainder when ((-9)/(-3))/(36/804) is divided by o?
11
Let c(k) = -3*k - k + 3 + 5*k + 7. Calculate the remainder when 18 is divided by c(0).
8
Let r = 21 - 10. What is the remainder when 53 is divided by r?
9
Suppose -3 = -5*d + 32. Let f(s) = 2*s**3 + 83*s**2 + 40*s - 16. What is the remainder when f(-41) is divided by d?
4
Let h(l) = l**3 - 3*l**2 + l - 1. Let v be h(3). Suppose r + v*r = 60. Suppose 3*t + t - r = 0. Calculate the remainder when 13 is divided by t.
3
Suppose -c = 3*k + 4 - 53, -4*k = -4*c - 76. What is the remainder when k is divided by 4?
1
Let n = -15 + 39. Let c = n - 21. Calculate the remainder when c is divided by 1.
0
Suppose 5*o - 4*o + 6 = 0. Calculate the remainder when 10*(3 + (-33)/o) is divided by 22.
19
Suppose -4*n + 5*w = -279, 0 = 3*n + 2*w - 88 - 104. What is the remainder when n is divided by 24?
18
Calculate the remainder when 15 is divided by (-1 + -11)/(18/(-12)).
7
What is the remainder when (-1)/((-1)/21*3) is divided by 4?
3
Let s(y) = y - 1. Let v(a) = 3*a + 2. Let p(i) = 6*s(i) + v(i). Calculate the remainder when p(2) is divided by 5.
4
Let g(m) = -m**3 - 17*m**2 + 41*m - 9. What is the remainder when g(-20) is divided by 34?
31
Let y(r) = -r**3 + 4*r**2 + 5. Let s be y(4). Let i = -2 + s. What is the remainder when i is divided by 1?
0
Let i = -152 + 404. What is the remainder when i is divided by 51?
48
Let y(a) = a - 1. Let n be y(1). Suppose 0*g - 2*g + 56 = n. Calculate the remainder when g is divided by 10.
8
Let t = 35 + -24. Let g(i) = -i + 21. What is the remainder when g(0) is divided by t?
10
Let y be 1/2*(1 + 15). Let o(t) = 1 - 7 + 2*t + 0. Calculate the remainder when o(y) is divided by 6.
4
Suppose k - 64 = -y, -k = -3*y + 2*y - 64. Calculate the remainder when k is divided by 11.
9
Suppose -2*o - 2*m + 29 = -o, 3*o - 92 = -m. Let k = 2 - -53. Suppose 2*q = 7*q - k. Calcul